{"id":43,"date":"2018-07-09T09:14:43","date_gmt":"2018-07-09T09:14:43","guid":{"rendered":"http:\/\/energydemo.local\/?page_id=43"},"modified":"2019-07-31T10:37:57","modified_gmt":"2019-07-31T10:37:57","slug":"energy-demo-about","status":"publish","type":"page","link":"https:\/\/autofreiberlin.de\/?page_id=43","title":{"rendered":"\u00dcber uns"},"content":{"rendered":"\t\t<div data-elementor-type=\"wp-post\" data-elementor-id=\"43\" class=\"elementor elementor-43\">\n\t\t\t\t\t\t<section class=\"has_eae_slider elementor-section elementor-top-section elementor-element elementor-element-1dfdb22c elementor-section-boxed elementor-section-height-default elementor-section-height-default\" data-eae-slider=\"87682\" data-id=\"1dfdb22c\" data-element_type=\"section\" data-e-type=\"section\" data-settings=\"{&quot;background_background&quot;:&quot;classic&quot;,&quot;shape_divider_bottom&quot;:&quot;tilt&quot;}\">\n\t\t\t\t\t<div class=\"elementor-shape elementor-shape-bottom\" aria-hidden=\"true\" data-negative=\"false\">\n\t\t\t<svg xmlns=\"http:\/\/www.w3.org\/2000\/svg\" viewBox=\"0 0 1000 100\" preserveAspectRatio=\"none\">\n\t<path class=\"elementor-shape-fill\" d=\"M0,6V0h1000v100L0,6z\"\/>\n<\/svg>\t\t<\/div>\n\t\t\t\t\t<div class=\"elementor-container elementor-column-gap-default\">\n\t\t\t\t\t<div class=\"has_eae_slider elementor-column elementor-col-100 elementor-top-column elementor-element elementor-element-222577a2\" data-eae-slider=\"44410\" data-id=\"222577a2\" data-element_type=\"column\" data-e-type=\"column\">\n\t\t\t<div class=\"elementor-widget-wrap elementor-element-populated\">\n\t\t\t\t\t\t<div class=\"elementor-element elementor-element-368dfb2 elementor-widget elementor-widget-image\" data-id=\"368dfb2\" data-element_type=\"widget\" data-e-type=\"widget\" data-widget_type=\"image.default\">\n\t\t\t\t<div class=\"elementor-widget-container\">\n\t\t\t\t\t\t\t\t\t\t\t\t\t\t\t<img fetchpriority=\"high\" decoding=\"async\" width=\"750\" height=\"500\" src=\"http:\/\/autofreiberlin.de\/wp-content\/uploads\/2019\/07\/DSCF8426-4-1024x683.jpg\" class=\"attachment-large size-large wp-image-625\" alt=\"\" srcset=\"http:\/\/autofreiberlin.de\/wp-content\/uploads\/2019\/07\/DSCF8426-4-1024x683.jpg 1024w, http:\/\/autofreiberlin.de\/wp-content\/uploads\/2019\/07\/DSCF8426-4-300x200.jpg 300w, http:\/\/autofreiberlin.de\/wp-content\/uploads\/2019\/07\/DSCF8426-4-768x512.jpg 768w, http:\/\/autofreiberlin.de\/wp-content\/uploads\/2019\/07\/DSCF8426-4-360x240.jpg 360w\" sizes=\"(max-width: 750px) 100vw, 750px\" \/>\t\t\t\t\t\t\t\t\t\t\t\t\t\t\t<\/div>\n\t\t\t\t<\/div>\n\t\t\t\t<div class=\"elementor-element elementor-element-46f7af87 elementor-widget elementor-widget-heading\" data-id=\"46f7af87\" data-element_type=\"widget\" data-e-type=\"widget\" data-widget_type=\"heading.default\">\n\t\t\t\t<div class=\"elementor-widget-container\">\n\t\t\t\t\t<h3 class=\"elementor-heading-title elementor-size-default\">\u00dcber uns<\/h3>\t\t\t\t<\/div>\n\t\t\t\t<\/div>\n\t\t\t\t<div class=\"elementor-element elementor-element-31c286c0 elementor-widget elementor-widget-text-editor\" data-id=\"31c286c0\" data-element_type=\"widget\" data-e-type=\"widget\" data-widget_type=\"text-editor.default\">\n\t\t\t\t<div class=\"elementor-widget-container\">\n\t\t\t\t\t\t\t\t\t<p><span style=\"font-weight: 400;\">autofreiberlin ist eine \u00fcberparteiliche Initiative f\u00fcr eine menschen- und umweltgerechtere Verkehrspolitik jenseits vom Automobil. Gegr\u00fcndet im Winter 2018 von Einzelpersonen aus dem Gesundheits-, Bildungs- und Kultursektor greift autofreiberlin die vielen derzeitigen globalen Bestrebungen f\u00fcr vom privaten Autoverkehr befreite Gro\u00dfst\u00e4dte auf, macht mittels Versammlungen Aufkl\u00e4rungsarbeit und Druck auf die Politik in Berlin und l\u00e4dt alle ein, die Nutzung des st\u00e4dtischen Lebensraums gemeinsam weiter zu denken.<\/span><\/p><p><span style=\"font-weight: 400;\">kontakt: info at autofreiberlin.de<\/span><\/p>\t\t\t\t\t\t\t\t<\/div>\n\t\t\t\t<\/div>\n\t\t\t\t\t<\/div>\n\t\t<\/div>\n\t\t\t\t\t<\/div>\n\t\t<\/section>\n\t\t\t\t<\/div>\n\t\t","protected":false},"excerpt":{"rendered":"<p>\u00dcber uns autofreiberlin ist eine \u00fcberparteiliche Initiative f\u00fcr eine menschen- und umweltgerechtere Verkehrspolitik jenseits vom Automobil. Gegr\u00fcndet im Winter 2018 von Einzelpersonen aus dem Gesundheits-, Bildungs- und Kultursektor greift autofreiberlin die vielen derzeitigen globalen Bestrebungen f\u00fcr vom privaten Autoverkehr befreite Gro\u00dfst\u00e4dte auf, macht mittels Versammlungen Aufkl\u00e4rungsarbeit und Druck auf die [&hellip;]<\/p>\n","protected":false},"author":1,"featured_media":0,"parent":0,"menu_order":0,"comment_status":"closed","ping_status":"closed","template":"elementor_header_footer","meta":{"footnotes":""},"class_list":["post-43","page","type-page","status-publish","hentry"],"_links":{"self":[{"href":"https:\/\/autofreiberlin.de\/index.php?rest_route=\/wp\/v2\/pages\/43","targetHints":{"allow":["GET"]}}],"collection":[{"href":"https:\/\/autofreiberlin.de\/index.php?rest_route=\/wp\/v2\/pages"}],"about":[{"href":"https:\/\/autofreiberlin.de\/index.php?rest_route=\/wp\/v2\/types\/page"}],"author":[{"embeddable":true,"href":"https:\/\/autofreiberlin.de\/index.php?rest_route=\/wp\/v2\/users\/1"}],"replies":[{"embeddable":true,"href":"https:\/\/autofreiberlin.de\/index.php?rest_route=%2Fwp%2Fv2%2Fcomments&post=43"}],"version-history":[{"count":20,"href":"https:\/\/autofreiberlin.de\/index.php?rest_route=\/wp\/v2\/pages\/43\/revisions"}],"predecessor-version":[{"id":626,"href":"https:\/\/autofreiberlin.de\/index.php?rest_route=\/wp\/v2\/pages\/43\/revisions\/626"}],"wp:attachment":[{"href":"https:\/\/autofreiberlin.de\/index.php?rest_route=%2Fwp%2Fv2%2Fmedia&parent=43"}],"curies":[{"name":"wp","href":"https:\/\/api.w.org\/{rel}","templated":true}]}}

Über uns

<div data-elementor-type="wp-post" data-elementor-id="43" class="elementor elementor-43">
						<section class="has_eae_slider elementor-section elementor-top-section elementor-element elementor-element-1dfdb22c elementor-section-boxed elementor-section-height-default elementor-section-height-default" data-eae-slider="87682" data-id="1dfdb22c" data-element_type="section" data-e-type="section" data-settings="{&quot;background_background&quot;:&quot;classic&quot;,&quot;shape_divider_bottom&quot;:&quot;tilt&quot;}">
					<div class="elementor-shape elementor-shape-bottom" aria-hidden="true" data-negative="false">
			<svg xmlns="http://www.w3.org/2000/svg" viewBox="0 0 1000 100" preserveAspectRatio="none">
	<path class="elementor-shape-fill" d="M0,6V0h1000v100L0,6z"/>
</svg>		</div>
					<div class="elementor-container elementor-column-gap-default">
					<div class="has_eae_slider elementor-column elementor-col-100 elementor-top-column elementor-element elementor-element-222577a2" data-eae-slider="44410" data-id="222577a2" data-element_type="column" data-e-type="column">
			<div class="elementor-widget-wrap elementor-element-populated">
						<div class="elementor-element elementor-element-368dfb2 elementor-widget elementor-widget-image" data-id="368dfb2" data-element_type="widget" data-e-type="widget" data-widget_type="image.default">
				<div class="elementor-widget-container">
															<img fetchpriority="high" decoding="async" width="750" height="500" src="http://autofreiberlin.de/wp-content/uploads/2019/07/DSCF8426-4-1024x683.jpg" class="attachment-large size-large wp-image-625" alt="" srcset="http://autofreiberlin.de/wp-content/uploads/2019/07/DSCF8426-4-1024x683.jpg 1024w, http://autofreiberlin.de/wp-content/uploads/2019/07/DSCF8426-4-300x200.jpg 300w, http://autofreiberlin.de/wp-content/uploads/2019/07/DSCF8426-4-768x512.jpg 768w, http://autofreiberlin.de/wp-content/uploads/2019/07/DSCF8426-4-360x240.jpg 360w" sizes="(max-width: 750px) 100vw, 750px" />															</div>
				</div>
				<div class="elementor-element elementor-element-46f7af87 elementor-widget elementor-widget-heading" data-id="46f7af87" data-element_type="widget" data-e-type="widget" data-widget_type="heading.default">
				<div class="elementor-widget-container">
					<h3 class="elementor-heading-title elementor-size-default">Über uns</h3>				</div>
				</div>
				<div class="elementor-element elementor-element-31c286c0 elementor-widget elementor-widget-text-editor" data-id="31c286c0" data-element_type="widget" data-e-type="widget" data-widget_type="text-editor.default">
				<div class="elementor-widget-container">
									<p><span style="font-weight: 400;">autofreiberlin ist eine überparteiliche Initiative für eine menschen- und umweltgerechtere Verkehrspolitik jenseits vom Automobil. Gegründet im Winter 2018 von Einzelpersonen aus dem Gesundheits-, Bildungs- und Kultursektor greift autofreiberlin die vielen derzeitigen globalen Bestrebungen für vom privaten Autoverkehr befreite Großstädte auf, macht mittels Versammlungen Aufklärungsarbeit und Druck auf die Politik in Berlin und lädt alle ein, die Nutzung des städtischen Lebensraums gemeinsam weiter zu denken.</span></p><p><span style="font-weight: 400;">kontakt: info at autofreiberlin.de</span></p>								</div>
				</div>
					</div>
		</div>
					</div>
		</section>
				</div>

<p>Über uns autofreiberlin ist eine überparteiliche Initiative für eine menschen- und umweltgerechtere Verkehrspolitik jenseits vom Automobil. Gegründet im Winter 2018 von Einzelpersonen aus dem Gesundheits-, Bildungs- und Kultursektor greift autofreiberlin die vielen derzeitigen globalen Bestrebungen für vom privaten Autoverkehr befreite Großstädte auf, macht mittels Versammlungen Aufklärungsarbeit und Druck auf die [&hellip;]</p>
